(36 + -21 + 9))?
22
What is 90 - (19 + 4 + -2 + -3 + -8)?
80
Calculate 47 + -92 + -28 + 8.
-65
What is 9 + (-51 - -46) + -16?
-12
Evaluate (-2 + -2 - -38) + (-568 - -577).
43
1 + 0 + 18 + (-331 - 141) + 511
58
Calculate -69 + 97 + (78 - 4).
102
Calculate (-1719 - -1718) + -21 + 2.
-20
What is the value of -96 - (-44 + -6 - -18)?
-64
What is -12 - ((-21 + 15 - 8) + (-15 - -126))?
-109
What is the value of 6 + 29 + (37 - 36)?
36
What is the value of (-1 - -1) + -14 + (-79 - -67) + 98?
72
Calculate -70 + (5 + -3 - (-1 - -6 - (-7 - -21))).
-59
(8 - (13 - (-2 + 2 + -3))) + 27 + 4
23
What is the value of (-19 - -11) + 22 + 4 + (24 - 5)?
37
Evaluate -1374 + 1381 - (0 + (2 - -10) + -2).
-3
69 - (176 + -72) - 18
-53
What is 5 + -44 + 40 + -22 - (2 + 0 + 4)?
-27
-5 + 10 + 43 - 89
-41
(96 - 1 - (-129 + (-44 - -169))) + -5 + 1
95
What is the value of (0 + 11 - (-402 - -343)) + (-11 - -12)?
71
(16 - (-4 + 37)) + (8 - (1 - -22))
-32
What is the value of -1 + 72 + -127 + 87?
31
What is the value of -15 + (-21 + 19 - (2 - 3))?
-16
What is the value of (-59 - -9) + 50 - -58?
58
Evaluate -3 - ((13 - -3 - -3) + -34).
12
What is -131 + (15 - 54) + 94?
-76
What is 25 - (3 + 0) - (1357 + -1383)?
48
-29 + (46 - 126) + 29
-80
What is the value of -75 - (-45 - -12) - -11?
-31
Evaluate -8 - (5 - (-3 - -8)) - (-105 + -33 + 27).
103
Evaluate -113 + (-59 + 45 + (-2 - -19 - 7) - -3).
-114
Calculate 5 - (-5 + -1 + -3 + (-16 - -2)).
28
What is the value of -9 - -1 - ((-10 - 0) + (-126 - -136) - 0)?
-8
What is -105 - (30 - (17 - (-29 - 13)))?
-76
(5 - 3) + (5 - 72) - 39
-104
10475 - 10470 - (2 - (1 + 2 + -2))
4
What is the value of -1 + -83 + (-32 - (1 - (32 + -7)))?
-92
What is the value of -42 + -17 + 14 + -11 + 20?
-36
What is -55 + -4 + 0 + 120 + -89?
-28
Calculate (139 - 67) + -221 + 42.
-107
Calculate 39 + 10 - ((4 - -12) + 0).
33
Evaluate 17 + 3 + (-41 - -39) + -4.
14
What is 42 - -2 - (-1 + -5 - (23 - 32))?
41
Calculate (-18 - (-5 - -15) - -62) + 4 + -1 + 6.
43
What is 14 + (21 - (3 - 1) - (60 + -46))?
19
What is the value of -42 - (-179 - (-175 - -69))?
31
Evaluate 3 + (-57 - -11) - (-23 + 24 + (10 - 2)).
-52
20 + 49 + -96 - -13
-14
Evaluate (103 - 34) + -58 - (75 - (-5 - (2 + -3))).
-68
What is ((-2 - -24) + -15 - 11) + 16 + -81?
-69
Calculate (-10 + 7 - -6 - -1) + (-3 - 2) + -21.
-22
What is 0 + 75 - (-3169 - -3264)?
-20
Calculate -116 + (89 - 38) - (-10 - -1).
-56
8 - (-1365 + 1405 - (8 + -1))
-25
(9 - -6 - -1) + (-14 - (57 + 23))
-78
What is 57 + 2 + -2 + 19 + (-18 - -1)?
59
What is the value of -735 + 798 + 55 + 5?
123
What is 27 + 13 + (-49 - -19) - 62?
-52
-1 + -15 + (6 - 40 - 37 - -46)
-41
What is (8 - (-26 + 14 - -10)) + (-5 - 56)?
-51
What is 15 - 0 - (63 - 28 - 24)?
4
Calculate -32 - -47 - -20 - 17 - -35.
53
What is -50 + (-16 - (17 + (7 - 22))) + 10?
-58
What is the value of 9 + 3 + -192 + 181?
1
What is 113 + -63 - (30 - 43)?
63
Calculate 48 + 30 - 296 - -76.
-142
What is the value of (-2 - -83) + (-70 - -28) - -18?
57
Evaluate -10 - (11 + -25 + 3) - 5 - (1 - -42).
-47
What is 6 + 3 + (17 - 134) + (-3 - (4 + -9))?
-106
What is the value of 20 + -19 + (-96 - -203)?
108
Evaluate (31 - -6 - 2) + (13 - 12 - -5).
41
Evaluate (-7 - -23 - -30) + 17 - 18.
45
Evaluate (60 - (-1 + -3)) + -5 + (44 + -25 - 23).
55
Evaluate -67 - (52 - 87 - -33).
-65
Calculate (-6 - -3 - 2) + 17 + (-10 - 11) + 12.
3
Evaluate -18 - (29 + -34 + 12 - -3).
-28
Calculate -54 + 1 - (-6439 - -6426).
-40
Calculate 32 - 7 - (11 + -5 + -1 + 0 + 2).
18
What is -2 - (3 - -1) - (-7 + 14) - (342 + -326)?
-29
(47 + (30 - 13) - 11) + -13
40
-30 + (-54 - -54 - 15)
-45
What is the value of (-13 - (-11 + (7 - -3) + (-59 - 17))) + 0?
64
What is (-39 + 40 - -46) + -14?
33
17 - (74 + (63 - 120))
0
What is the value of -22 + 151 + 6 + -137?
-2
Calculate 0 - (-11 + (14 - -74) + -21).
-56
Calculate -6 + 13 + -43 - (63 + -67).
-32
(10 - 5) + -41 - (11 - (26 - 22))
-43
What is the value of 23 + 1 + (-125 - -152 - -15)?
66
(424 - 431) + (1 - -9) - ((-48 - -4) + 1)
46
Calculate 97 - (-30 + 36 + 115).
-24
Calculate -1 + 18 + 52 + (-48 - 19) + 1 + -104.
-101
Evaluate -9 - (482 + -193 + -282 + -1 + (0 - 121)).
106
What is -166 + 167 + -28 + -6?
-33
(-1672 - -1685) + -2 + (11 - 1) - 121
-100
(652 - 635) + -1 + -97 - (-3 + 7)
-85
Calculate 20 - 28 - -76 - 31.
37
Calculate 141 + -159 + 0 + -5 - 29.
-52
What is 4 + ((-8 - -1) + 3 - (55 - 46) - -51)?
42
What is the value of 110 - (14 + -41 + 119)?
18
What is the value of (-2 - 1) + (1 - -40) + (-98 - -92)?
32
Evaluate -102 + (19 - -35) - 12.
-60
What is -154 + (58 - (58 + -45))?
-109
What is the value of -1 - 38 - (4 + (78 - 84))?
-37
What is the value of (123 - -6) + -56 + -75?
-2
107 + 75 + -141 + 33
74
Calculate -73 + (-21 - -103) - -1.
10
Calculate (-175 - -151) + -26 + (-3 - 0).
-53
What is the value of 72 + -117 + (-35 - -38 - (7 - 0))?
-49
What is the value of -47 - (21 + -115 - -10)?
37
Evaluate 18111 + -18046 + 44 + -1.
108
What is the value of (139 + -66 - 68 - (0 + -1)) + -70?
-64
Evaluate (-45 - 37) + 153 - 120.
-49
Calculate -10 + (-13 - -12 - ((5 + -1 - 3) + 3)).
-15
Calculate -2 - ((42 - -14) + -17 - (16 - 3)).
-28
(8 - -69) + 3 - 15
65
58 + -9 + 1 + -3 + 1 - 5
43
2 - (-31 + 14) - (74 + -14)
-41
45 + 1 + (3395 - 3298) - 7
136
What is 11 + (36 - 38 - (13 + -5) - 30)?
-29
Evaluate -7 - (-71 + -3 + 11 - -9 - -5).
42
Evaluate (10 - -1) + -21 + 22 - (150 - 112).
-26
-25 - -2 - (8 - (40 - 31))
-22
-36 + 35 + -25 - -3
-23
What is (-14 - (-9 + -8)) + -6 + (82 - -7) + -9?
77
What is 20 + 0 + -1253 + 1218?
-15
What is 14 + (4 - (84 - 13))?
-53
(91 - 126) + (48 - 0) + -120
-107
(-4 - (4 - (71 + 4))) + (4 + 24 - 28)
67
Calculate -191 + 269 - (-18 + 45).
51
Evaluate (86 - 94) + (20 + -17 - (2 + -2)).
-5
What is the value of -3 + 53 + 0 + -3 + -3?
44
What is 56 + (89 - -44) + -98?
91
14541 + -14536 - ((-51 - 0) + 1)
55
What is the value of (2 - -7) + 32 - (9 + (-17 - (19 - 14)))?
54
What is the value of -3 - (6 + -8 + 4 + -1) - (222 - 205)?
-21
(-23 - (-14 - -5)) + 7 + 1 + -4 - -32
22
Evaluate 103 - (85 - -24) - (0 + -39 - 1).
34
Evaluate -47 - (27 + -6) - -52.
-16
-5 - -1 - (107 - (64 - -17) - (23 + 0))
-7
Evaluate (19 - (2 + (12 - 11))) + 32.
48
What is the value of 19 + 12 + -56 + 33 - (124 - 0)?
-116
What is (31 - (-34 - -90)) + -19?
-44
Calculate 12 - (22 + -3 + -36).
29
What is the value of 0 + 22 + -24 + (65 - 25) - -1?
39
What is the value of 11 - (0 + 77 - (-15 + 17) - -16)?
-80
What is the value of (17 - -3 - 42) + 16 + (-17 - 0 - 3)?
-26
What is the value of -82 - (-3 - ((-8 - -33) + -12 + 6 + -13))?
-73
Calculate 84 + -76 + (2 - -22).
32
Evaluate 182 + (-96 - (61 - 56)).
81
What is the value of -39 + 183 + 250 + -520?
-126
Calculate -103 - (13 - 70) - -83.
37
13 - 0 - ((0 - 7) + -96 + 113 + 84)
-81
-47 - (-89 - -19 - -107)
-84
12 + (-27 - -34) - -15
34
99 + 88 + -178 - 50
-41
Calculate (-13 - -9 - -4) + (-19 - -40).
21
What is 1 + 0 + 10 - (-58 + (-64 - (-230 + 56)))?
-41
What is the value of (-2 - 6 - (-56 + 43)) + (13 - 4)?
14
What is 118 + -124 - (3 + 2)?
-11
-36 + ((-1 + 10 - 10) + 21 + -13 - -3)
-26
-22 - -2 - (39 + -65) - 32
-26
Evaluate 21 - (-28 + 60 + -3 + 75).
-83
What is 9 - 5 - 6 - 7 - (12 - 21)?
0
What is (33 - -9 - 87) + 14 + -2?
-33
What is 1350 + -1386 - (3 - 107)?
68
-4 + (9 - -28) + 27 - -25
85
What is the value of -14 + 48 - -84 - 66?
52
Evaluate -38 + 44 + 38 - 40.
4
(-45 + 80 - (-7 - (2 + -6 + 5))) + -10
33
Calculate (-10 - ((5 - 0) + -9)) + 50 + 3.
47
-53 + -30 - -55 - -33
5
Calculate -405 - -334 - ((7 - 59) + 6).
-25
Calculate (80 - -2) + -1 + (-13 - -51 - 22).
97
Calculate -10 - -22 - (-15 + 33 - 24).
18
Calculate 0 - (3 - (-1 + 19) - 2).
17
What is 78 + -80 - (-29 + (0 - (2 - 2)) - 4)?
31
Calculate 19 + (-14 - 0 - (210 - 194)).
-11
Calculate (39 - 33) + 13 - 0.
19
What is the value of -21 - (-120 + (51 - -5))?
43
What is the value of -16 - 8 - (-73 + -1)?
50
What is the value of -1 + (44 - 49 - 28)?
-34
26 + -27 - (8 + 13) - 4
-26
What is -1250 + 1217 + (0 - (4 + 3))?
-40
Calculate -57 + 66 + -7 + 5 + -86 + -3.
-82
What is the value of -51 + (-46 - -167) - 20?
50
What is the value of -15 + -1 + (-7 - (66 - 107)) - 110?
-92
Calculate -442 + 489 - (-1 + -2 + 10).
40
What is 26 + -2 + 1 + (-27 - -14) + 3 + -1?
14
What is 3 + -69 +